{"id":579,"date":"2016-05-12T12:59:28","date_gmt":"2016-05-12T12:59:28","guid":{"rendered":"http:\/\/test.kriesi.at\/enfold-gym\/?post_type=portfolio&#038;p=579"},"modified":"2021-11-29T18:52:07","modified_gmt":"2021-11-29T17:52:07","slug":"grosse-wickeltasche","status":"publish","type":"portfolio","link":"https:\/\/www.rinowweb.de\/maschol\/portfolio-item\/grosse-wickeltasche\/","title":{"rendered":"grosse Wickeltasche"},"content":{"rendered":"\n<style type=\"text\/css\" data-created_by=\"avia_inline_auto\" id=\"style-css-av-kwkygovh-ab7f93f6b0d4584ad23136decfa029c4\">\n#top .av-special-heading.av-kwkygovh-ab7f93f6b0d4584ad23136decfa029c4{\npadding-bottom:10px;\n}\nbody .av-special-heading.av-kwkygovh-ab7f93f6b0d4584ad23136decfa029c4 .av-special-heading-tag .heading-char{\nfont-size:25px;\n}\n.av-special-heading.av-kwkygovh-ab7f93f6b0d4584ad23136decfa029c4 .av-subheading{\nfont-size:15px;\n}\n<\/style>\n<div  class='av-special-heading av-kwkygovh-ab7f93f6b0d4584ad23136decfa029c4 av-special-heading-h3 blockquote modern-quote modern-centered  avia-builder-el-0  el_before_av_one_half  avia-builder-el-first '><h3 class='av-special-heading-tag '  itemprop=\"headline\"  >meine gro\u00dfe Wickeltasche<\/h3><div class=\"special-heading-border\"><div class=\"special-heading-inner-border\"><\/div><\/div><\/div>\n\n<style type=\"text\/css\" data-created_by=\"avia_inline_auto\" id=\"style-css-av-kwkyfz3q-e680cd2f830c36579fa3f2ae873d8024\">\n.flex_column.av-kwkyfz3q-e680cd2f830c36579fa3f2ae873d8024{\nbackground-color:#d4e9d7;\n}\n<\/style>\n<div  class='flex_column av-kwkyfz3q-e680cd2f830c36579fa3f2ae873d8024 av_one_half  avia-builder-el-1  el_after_av_heading  el_before_av_one_half  first flex_column_div  '     ><style type=\"text\/css\" data-created_by=\"avia_inline_auto\" id=\"style-css-av-kwkyezjd-162661bf623e2563521288fa2fb284cd\">\n.avia-image-container.av-kwkyezjd-162661bf623e2563521288fa2fb284cd img.avia_image{\nbox-shadow:none;\n}\n.avia-image-container.av-kwkyezjd-162661bf623e2563521288fa2fb284cd .av-image-caption-overlay-center{\ncolor:#ffffff;\n}\n<\/style>\n<div  class='avia-image-container av-kwkyezjd-162661bf623e2563521288fa2fb284cd av-styling- avia-align-center  avia-builder-el-2  avia-builder-el-no-sibling '   itemprop=\"image\" itemscope=\"itemscope\" itemtype=\"https:\/\/schema.org\/ImageObject\" ><div class=\"avia-image-container-inner\"><div class=\"avia-image-overlay-wrap\"><img decoding=\"async\" fetchpriority=\"high\" class='wp-image-1210 avia-img-lazy-loading-not-1210 avia_image ' src=\"https:\/\/www.rinowweb.de\/maschol\/wp-content\/uploads\/sites\/24\/2021\/11\/portfolio-enf-grosse.jpg\" alt='grosse Wickeltasche' title='portfolio-enf-grosse'  height=\"710\" width=\"1000\"  itemprop=\"thumbnailUrl\" srcset=\"https:\/\/www.rinowweb.de\/maschol\/wp-content\/uploads\/sites\/24\/2021\/11\/portfolio-enf-grosse.jpg 1000w, https:\/\/www.rinowweb.de\/maschol\/wp-content\/uploads\/sites\/24\/2021\/11\/portfolio-enf-grosse-300x213.jpg 300w, https:\/\/www.rinowweb.de\/maschol\/wp-content\/uploads\/sites\/24\/2021\/11\/portfolio-enf-grosse-768x545.jpg 768w, https:\/\/www.rinowweb.de\/maschol\/wp-content\/uploads\/sites\/24\/2021\/11\/portfolio-enf-grosse-260x185.jpg 260w, https:\/\/www.rinowweb.de\/maschol\/wp-content\/uploads\/sites\/24\/2021\/11\/portfolio-enf-grosse-705x501.jpg 705w\" sizes=\"(max-width: 1000px) 100vw, 1000px\" \/><\/div><\/div><\/div><\/div>\n<div  class='flex_column av-f423f-210c4c0834cc94773c51187e9cf77e47 av_one_half  avia-builder-el-3  el_after_av_one_half  el_before_av_one_half  flex_column_div  '     ><section  class='av_textblock_section av-kwkybh5y-7b76c82c1a93c98586c0c5b180445171 '   itemscope=\"itemscope\" itemtype=\"https:\/\/schema.org\/CreativeWork\" ><div class='avia_textblock'  itemprop=\"text\" ><h2>Wickeltasche mit Wickelunterlage<\/h2>\n<p>Diese sch\u00f6ne gro\u00dfe Basis-Wickeltasche mit Wickelunterlage als Klappe ist der t\u00e4gliche Begleiter f\u00fcr alle M\u00fctter mit kleinen und gr\u00f6\u00dferen Kindern. In dieser Tasche steckt viel Liebe zum praktischen Detail!<\/p>\n<h3>Basis-Version plus Erg\u00e4nzungen m\u00f6glich<\/h3>\n<p>(Optionen k\u00f6nnen immer nur in Verbindung mit der Basistasche bestellt werden)<\/p>\n<p><strong>Die Klappe der Tasche<\/strong> ist mit einem Handgriff komplett abnehmbar, da sie am unteren und oberen Teil mit Druckkn\u00f6pfe befestigt ist. Sie l\u00e4uft dann oben r\u00fcber nach vorn durch eine Lasche und eignet sich damit hervorragend gleichzeitig<strong> als Wickelunterlage<\/strong>. Im Inneren befinden sich <strong>vier F\u00e4cher<\/strong>: Zwei davon haben die Gr\u00f6\u00dfe f\u00fcr Windeln und Feuchtt\u00fccher. Die anderen beiden F\u00e4cher sind f\u00fcr Flaschen gedacht. Und warum zwei Flaschen? Jede Mami, die irgendwann nicht mehr stillt und ihr Baby mit Milchpulver versorgt, kennt das Problem: Immer muss noch zus\u00e4tzlich zur Nuckelflasche eine Thermoskanne mit hei\u00dfem Wasser mitgenommen werden. So passt in das zweite Fach hervorragend eine dieser hohen Aluminium-Thermoskannen.<\/p>\n<\/div><\/section><\/div>\n<div  class='flex_column av-777gr-04ef5e13ea5067619c1b93cca844c00d av_one_half  avia-builder-el-5  el_after_av_one_half  el_before_av_one_half  first flex_column_div  column-top-margin'     ><section  class='av_textblock_section av-kwkyd8kc-40fdf33ecc2f7fceb674fc1f14ce2b48 '   itemscope=\"itemscope\" itemtype=\"https:\/\/schema.org\/CreativeWork\" ><div class='avia_textblock'  itemprop=\"text\" ><p>Die Tr\u00e4ger der Wickeltasche sind lang genug um die Tasche \u00fcber den Lenker eines Kinderwagens zu h\u00e4ngen. Die Tasche l\u00e4sst sich schnell \u00f6ffnen und schlie\u00dfen in dem die Taschenklappe einfach durch die Lasche gezogen wird.<\/p>\n<p>Die Basistasche hat eine Gr\u00f6\u00dfe von ca. 35 x30 x 15cm (BxHxT) und bietet genug Platz f\u00fcr die gesamte \u201eNahversorgungsausr\u00fcstung\u201c von kleinen und gr\u00f6\u00dferen Kindern. Nat\u00fcrlich eignet sich die Tasche ebenso gut als Messengerbag f\u00fcr Schule &amp; Uni oder einfach als Handtasche. Und wie w\u00e4re es, die Tasche als Produktpr\u00e4sentationstasche zu nutzen? Der Phantasie sind mal wieder keine Grenzen gesetzt!<\/p>\n<\/div><\/section><\/div>\n\n<style type=\"text\/css\" data-created_by=\"avia_inline_auto\" id=\"style-css-av-kwkyizgm-3825aee868dbfab9ca05f8c590e44c16\">\n.flex_column.av-kwkyizgm-3825aee868dbfab9ca05f8c590e44c16{\nbackground-color:#d4e9d7;\n}\n<\/style>\n<div  class='flex_column av-kwkyizgm-3825aee868dbfab9ca05f8c590e44c16 av_one_half  avia-builder-el-7  el_after_av_one_half  el_before_av_textblock  flex_column_div  column-top-margin'     ><style type=\"text\/css\" data-created_by=\"avia_inline_auto\" id=\"style-css-av-kwkyiik0-9bdcce8423efd83b62b0b89784769379\">\n.avia-image-container.av-kwkyiik0-9bdcce8423efd83b62b0b89784769379 img.avia_image{\nbox-shadow:none;\n}\n.avia-image-container.av-kwkyiik0-9bdcce8423efd83b62b0b89784769379 .av-image-caption-overlay-center{\ncolor:#ffffff;\n}\n<\/style>\n<div  class='avia-image-container av-kwkyiik0-9bdcce8423efd83b62b0b89784769379 av-styling- avia-align-center  avia-builder-el-8  avia-builder-el-no-sibling '   itemprop=\"image\" itemscope=\"itemscope\" itemtype=\"https:\/\/schema.org\/ImageObject\" ><div class=\"avia-image-container-inner\"><div class=\"avia-image-overlay-wrap\"><img decoding=\"async\" fetchpriority=\"high\" class='wp-image-1248 avia-img-lazy-loading-not-1248 avia_image ' src=\"https:\/\/www.rinowweb.de\/maschol\/wp-content\/uploads\/sites\/24\/2016\/05\/produkt-1-50-1000.jpg\" alt='' title='produkt-1-50-1000'  height=\"675\" width=\"900\"  itemprop=\"thumbnailUrl\" srcset=\"https:\/\/www.rinowweb.de\/maschol\/wp-content\/uploads\/sites\/24\/2016\/05\/produkt-1-50-1000.jpg 900w, https:\/\/www.rinowweb.de\/maschol\/wp-content\/uploads\/sites\/24\/2016\/05\/produkt-1-50-1000-300x225.jpg 300w, https:\/\/www.rinowweb.de\/maschol\/wp-content\/uploads\/sites\/24\/2016\/05\/produkt-1-50-1000-768x576.jpg 768w, https:\/\/www.rinowweb.de\/maschol\/wp-content\/uploads\/sites\/24\/2016\/05\/produkt-1-50-1000-705x529.jpg 705w\" sizes=\"(max-width: 900px) 100vw, 900px\" \/><\/div><\/div><\/div><\/div>\n<section  class='av_textblock_section av-kwkyqp18-3832be404af46285a3b7b7cffdad47d6 '   itemscope=\"itemscope\" itemtype=\"https:\/\/schema.org\/CreativeWork\" ><div class='avia_textblock'  itemprop=\"text\" ><div class=\"feedzy-78c4997473228ba3b4c2def209a9c568 feedzy-rss\"><div class=\"rss_header\"><h2><a href=\"\" class=\"rss_title\" rel=\"noopener\"><\/a> <span class=\"rss_description\"> <\/span><\/h2><\/div><ul>Der Feed hat keine Eintr\u00e4ge.<\/ul> <\/div>\n<\/div><\/section>\n","protected":false},"excerpt":{"rendered":"<p>Cras dapibus. Vivamus elementum semper nisi. Aenean vulputate eleifend tellus.<\/p>\n","protected":false},"author":1,"featured_media":1210,"comment_status":"open","ping_status":"closed","template":"","meta":{"footnotes":""},"tags":[73,70,74,71,72,68,69],"portfolio_entries":[24,25,23],"class_list":["post-579","portfolio","type-portfolio","status-publish","has-post-thumbnail","hentry","tag-baby-unterwegs","tag-schultertasche","tag-tasche","tag-unterwegs-wickeln","tag-wickeln","tag-wickeltasche","tag-windeltasche","portfolio_entries-wickeltasche","portfolio_entries-wickelunterlage","portfolio_entries-windeltasche"],"_links":{"self":[{"href":"https:\/\/www.rinowweb.de\/maschol\/wp-json\/wp\/v2\/portfolio\/579","targetHints":{"allow":["GET"]}}],"collection":[{"href":"https:\/\/www.rinowweb.de\/maschol\/wp-json\/wp\/v2\/portfolio"}],"about":[{"href":"https:\/\/www.rinowweb.de\/maschol\/wp-json\/wp\/v2\/types\/portfolio"}],"author":[{"embeddable":true,"href":"https:\/\/www.rinowweb.de\/maschol\/wp-json\/wp\/v2\/users\/1"}],"replies":[{"embeddable":true,"href":"https:\/\/www.rinowweb.de\/maschol\/wp-json\/wp\/v2\/comments?post=579"}],"version-history":[{"count":0,"href":"https:\/\/www.rinowweb.de\/maschol\/wp-json\/wp\/v2\/portfolio\/579\/revisions"}],"wp:featuredmedia":[{"embeddable":true,"href":"https:\/\/www.rinowweb.de\/maschol\/wp-json\/wp\/v2\/media\/1210"}],"wp:attachment":[{"href":"https:\/\/www.rinowweb.de\/maschol\/wp-json\/wp\/v2\/media?parent=579"}],"wp:term":[{"taxonomy":"post_tag","embeddable":true,"href":"https:\/\/www.rinowweb.de\/maschol\/wp-json\/wp\/v2\/tags?post=579"},{"taxonomy":"portfolio_entries","embeddable":true,"href":"https:\/\/www.rinowweb.de\/maschol\/wp-json\/wp\/v2\/portfolio_entries?post=579"}],"curies":[{"name":"wp","href":"https:\/\/api.w.org\/{rel}","templated":true}]}}

<style type="text/css" data-created_by="avia_inline_auto" id="style-css-av-kwkygovh-ab7f93f6b0d4584ad23136decfa029c4">
#top .av-special-heading.av-kwkygovh-ab7f93f6b0d4584ad23136decfa029c4{
padding-bottom:10px;
}
body .av-special-heading.av-kwkygovh-ab7f93f6b0d4584ad23136decfa029c4 .av-special-heading-tag .heading-char{
font-size:25px;
}
.av-special-heading.av-kwkygovh-ab7f93f6b0d4584ad23136decfa029c4 .av-subheading{
font-size:15px;
}
</style>
<div  class='av-special-heading av-kwkygovh-ab7f93f6b0d4584ad23136decfa029c4 av-special-heading-h3 blockquote modern-quote modern-centered  avia-builder-el-0  el_before_av_one_half  avia-builder-el-first '><h3 class='av-special-heading-tag '  itemprop="headline"  >meine große Wickeltasche</h3><div class="special-heading-border"><div class="special-heading-inner-border"></div></div></div>

<style type="text/css" data-created_by="avia_inline_auto" id="style-css-av-kwkyfz3q-e680cd2f830c36579fa3f2ae873d8024">
.flex_column.av-kwkyfz3q-e680cd2f830c36579fa3f2ae873d8024{
background-color:#d4e9d7;
}
</style>
<div  class='flex_column av-kwkyfz3q-e680cd2f830c36579fa3f2ae873d8024 av_one_half  avia-builder-el-1  el_after_av_heading  el_before_av_one_half  first flex_column_div  '     ><style type="text/css" data-created_by="avia_inline_auto" id="style-css-av-kwkyezjd-162661bf623e2563521288fa2fb284cd">
.avia-image-container.av-kwkyezjd-162661bf623e2563521288fa2fb284cd img.avia_image{
box-shadow:none;
}
.avia-image-container.av-kwkyezjd-162661bf623e2563521288fa2fb284cd .av-image-caption-overlay-center{
color:#ffffff;
}
</style>
<div  class='avia-image-container av-kwkyezjd-162661bf623e2563521288fa2fb284cd av-styling- avia-align-center  avia-builder-el-2  avia-builder-el-no-sibling '   itemprop="image" itemscope="itemscope" itemtype="https://schema.org/ImageObject" ><div class="avia-image-container-inner"><div class="avia-image-overlay-wrap"><img decoding="async" fetchpriority="high" class='wp-image-1210 avia-img-lazy-loading-not-1210 avia_image ' src="https://www.rinowweb.de/maschol/wp-content/uploads/sites/24/2021/11/portfolio-enf-grosse.jpg" alt='grosse Wickeltasche' title='portfolio-enf-grosse'  height="710" width="1000"  itemprop="thumbnailUrl" srcset="https://www.rinowweb.de/maschol/wp-content/uploads/sites/24/2021/11/portfolio-enf-grosse.jpg 1000w, https://www.rinowweb.de/maschol/wp-content/uploads/sites/24/2021/11/portfolio-enf-grosse-300x213.jpg 300w, https://www.rinowweb.de/maschol/wp-content/uploads/sites/24/2021/11/portfolio-enf-grosse-768x545.jpg 768w, https://www.rinowweb.de/maschol/wp-content/uploads/sites/24/2021/11/portfolio-enf-grosse-260x185.jpg 260w, https://www.rinowweb.de/maschol/wp-content/uploads/sites/24/2021/11/portfolio-enf-grosse-705x501.jpg 705w" sizes="(max-width: 1000px) 100vw, 1000px" /></div></div></div></div>
<div  class='flex_column av-f423f-210c4c0834cc94773c51187e9cf77e47 av_one_half  avia-builder-el-3  el_after_av_one_half  el_before_av_one_half  flex_column_div  '     ><section  class='av_textblock_section av-kwkybh5y-7b76c82c1a93c98586c0c5b180445171 '   itemscope="itemscope" itemtype="https://schema.org/CreativeWork" ><div class='avia_textblock'  itemprop="text" ><h2>Wickeltasche mit Wickelunterlage</h2>
<p>Diese schöne große Basis-Wickeltasche mit Wickelunterlage als Klappe ist der tägliche Begleiter für alle Mütter mit kleinen und größeren Kindern. In dieser Tasche steckt viel Liebe zum praktischen Detail!</p>
<h3>Basis-Version plus Ergänzungen möglich</h3>
<p>(Optionen können immer nur in Verbindung mit der Basistasche bestellt werden)</p>
<p><strong>Die Klappe der Tasche</strong> ist mit einem Handgriff komplett abnehmbar, da sie am unteren und oberen Teil mit Druckknöpfe befestigt ist. Sie läuft dann oben rüber nach vorn durch eine Lasche und eignet sich damit hervorragend gleichzeitig<strong> als Wickelunterlage</strong>. Im Inneren befinden sich <strong>vier Fächer</strong>: Zwei davon haben die Größe für Windeln und Feuchttücher. Die anderen beiden Fächer sind für Flaschen gedacht. Und warum zwei Flaschen? Jede Mami, die irgendwann nicht mehr stillt und ihr Baby mit Milchpulver versorgt, kennt das Problem: Immer muss noch zusätzlich zur Nuckelflasche eine Thermoskanne mit heißem Wasser mitgenommen werden. So passt in das zweite Fach hervorragend eine dieser hohen Aluminium-Thermoskannen.</p>
</div></section></div>
<div  class='flex_column av-777gr-04ef5e13ea5067619c1b93cca844c00d av_one_half  avia-builder-el-5  el_after_av_one_half  el_before_av_one_half  first flex_column_div  column-top-margin'     ><section  class='av_textblock_section av-kwkyd8kc-40fdf33ecc2f7fceb674fc1f14ce2b48 '   itemscope="itemscope" itemtype="https://schema.org/CreativeWork" ><div class='avia_textblock'  itemprop="text" ><p>Die Träger der Wickeltasche sind lang genug um die Tasche über den Lenker eines Kinderwagens zu hängen. Die Tasche lässt sich schnell öffnen und schließen in dem die Taschenklappe einfach durch die Lasche gezogen wird.</p>
<p>Die Basistasche hat eine Größe von ca. 35 x30 x 15cm (BxHxT) und bietet genug Platz für die gesamte „Nahversorgungsausrüstung“ von kleinen und größeren Kindern. Natürlich eignet sich die Tasche ebenso gut als Messengerbag für Schule &amp; Uni oder einfach als Handtasche. Und wie wäre es, die Tasche als Produktpräsentationstasche zu nutzen? Der Phantasie sind mal wieder keine Grenzen gesetzt!</p>
</div></section></div>

<style type="text/css" data-created_by="avia_inline_auto" id="style-css-av-kwkyizgm-3825aee868dbfab9ca05f8c590e44c16">
.flex_column.av-kwkyizgm-3825aee868dbfab9ca05f8c590e44c16{
background-color:#d4e9d7;
}
</style>
<div  class='flex_column av-kwkyizgm-3825aee868dbfab9ca05f8c590e44c16 av_one_half  avia-builder-el-7  el_after_av_one_half  el_before_av_textblock  flex_column_div  column-top-margin'     ><style type="text/css" data-created_by="avia_inline_auto" id="style-css-av-kwkyiik0-9bdcce8423efd83b62b0b89784769379">
.avia-image-container.av-kwkyiik0-9bdcce8423efd83b62b0b89784769379 img.avia_image{
box-shadow:none;
}
.avia-image-container.av-kwkyiik0-9bdcce8423efd83b62b0b89784769379 .av-image-caption-overlay-center{
color:#ffffff;
}
</style>
<div  class='avia-image-container av-kwkyiik0-9bdcce8423efd83b62b0b89784769379 av-styling- avia-align-center  avia-builder-el-8  avia-builder-el-no-sibling '   itemprop="image" itemscope="itemscope" itemtype="https://schema.org/ImageObject" ><div class="avia-image-container-inner"><div class="avia-image-overlay-wrap"><img decoding="async" fetchpriority="high" class='wp-image-1248 avia-img-lazy-loading-not-1248 avia_image ' src="https://www.rinowweb.de/maschol/wp-content/uploads/sites/24/2016/05/produkt-1-50-1000.jpg" alt='' title='produkt-1-50-1000'  height="675" width="900"  itemprop="thumbnailUrl" srcset="https://www.rinowweb.de/maschol/wp-content/uploads/sites/24/2016/05/produkt-1-50-1000.jpg 900w, https://www.rinowweb.de/maschol/wp-content/uploads/sites/24/2016/05/produkt-1-50-1000-300x225.jpg 300w, https://www.rinowweb.de/maschol/wp-content/uploads/sites/24/2016/05/produkt-1-50-1000-768x576.jpg 768w, https://www.rinowweb.de/maschol/wp-content/uploads/sites/24/2016/05/produkt-1-50-1000-705x529.jpg 705w" sizes="(max-width: 900px) 100vw, 900px" /></div></div></div></div>
<section  class='av_textblock_section av-kwkyqp18-3832be404af46285a3b7b7cffdad47d6 '   itemscope="itemscope" itemtype="https://schema.org/CreativeWork" ><div class='avia_textblock'  itemprop="text" ><div class="feedzy-78c4997473228ba3b4c2def209a9c568 feedzy-rss"><div class="rss_header"><h2><a href="" class="rss_title" rel="noopener"></a> <span class="rss_description"> </span></h2></div><ul>Der Feed hat keine Einträge.</ul> </div>
</div></section>
